{"id":206,"date":"2018-05-15T14:48:13","date_gmt":"2018-05-15T12:48:13","guid":{"rendered":"https:\/\/www.leo-stift.de\/pflege\/hausgmeinschaften-fuer-demente\/"},"modified":"2018-05-16T07:58:45","modified_gmt":"2018-05-16T05:58:45","slug":"hausgmeinschaften-fuer-demente","status":"publish","type":"page","link":"https:\/\/www.leo-stift.de\/pflege\/pflege-und-versorgung\/hausgmeinschaften-fuer-demente\/","title":{"rendered":"Hausgmeinschaften f\u00fcr Demente"},"content":{"rendered":"[vc_row][vc_column][mk_padding_divider size=&#8220;120&#8243;][\/vc_column][\/vc_row][vc_row][vc_column width=&#8220;1\/2&#8243;][mk_fancy_title tag_name=&#8220;h1&#8243; color=&#8220;#454545&#8243; size=&#8220;35&#8243; force_font_size=&#8220;true&#8220; size_phone=&#8220;30&#8243; font_weight=&#8220;300&#8243; txt_transform=&#8220;none&#8220; margin_bottom=&#8220;0&#8243; font_family=&#8220;none&#8220; responsive_align=&#8220;left&#8220;]\n<p align=\"left\">Hausgmeinschaften f\u00fcr Demente<\/p>\n[\/mk_fancy_title][vc_column_text disable_pattern=&#8220;false&#8220; css=&#8220;.vc_custom_1526450173347{margin-bottom: 0px !important;}&#8220;]\n<p align=\"left\">Speziell f\u00fcr die Versorgung von Bewohnern mit Demenz stehen 16 Pflegepl\u00e4tze zur Verf\u00fcgung, die in zwei \u00b4Hausgemeinschaften\u00b4 betreut werden. Gerade \u00b4verwirrte\u00b4, orientierungslose und vergessliche Bewohner brauchen viel Zuwendung und Aufmerksamkeit im allt\u00e4glichen Umgang.\u00a0Gemeinsam fr\u00fchst\u00fccken, das Mittagessen vorbereiten, backen, basteln, singen, beten, Geschichten erz\u00e4hlen, gemeinsam die Zeitung lesen und viele Dinge<\/p>\n[\/vc_column_text][\/vc_column][vc_column width=&#8220;1\/2&#8243;][mk_padding_divider size=&#8220;105&#8243;][vc_column_text disable_pattern=&#8220;false&#8220; css=&#8220;.vc_custom_1526450169654{margin-bottom: 0px !important;}&#8220;]mehr stehen auf dem Wochenplan in den beiden Hausgemeinschaften. Hier macht es nichts, wenn jemand den Namen der Pflegerin vergisst oder 2 Stunden zum Teetrinken ben\u00f6tigt. Hier gibt es speziell geschultes Personal, das wei\u00df, wie man auch geistig verwirrten Menschen Lebensfreude und Lebensmut vermittelt.[\/vc_column_text][\/vc_column][\/vc_row][vc_row][vc_column][mk_padding_divider size=&#8220;75&#8243;][\/vc_column][\/vc_row][vc_row fullwidth=&#8220;true&#8220; attached=&#8220;true&#8220;][vc_column][mk_gallery images=&#8220;361,362,363,364&#8243; image_size=&#8220;full&#8220;][\/vc_column][\/vc_row][vc_row][vc_column][mk_padding_divider size=&#8220;120&#8243;][\/vc_column][\/vc_row]\n","protected":false},"excerpt":{"rendered":"<p>[vc_row][vc_column][mk_padding_divider size=&#8220;120&#8243;][\/vc_column][\/vc_row][vc_row][vc_column width=&#8220;1\/2&#8243;][mk_fancy_title tag_name=&#8220;h1&#8243; color=&#8220;#454545&#8243; size=&#8220;35&#8243; force_font_size=&#8220;true&#8220; size_phone=&#8220;30&#8243; font_weight=&#8220;300&#8243; txt_transform=&#8220;none&#8220; margin_bottom=&#8220;0&#8243; font_family=&#8220;none&#8220; responsive_align=&#8220;left&#8220;] Hausgmeinschaften f\u00fcr Demente [\/mk_fancy_title][vc_column_text disable_pattern=&#8220;false&#8220; css=&#8220;.vc_custom_1526450173347{margin-bottom: 0px !important;}&#8220;] Speziell f\u00fcr die Versorgung von Bewohnern mit Demenz stehen 16 Pflegepl\u00e4tze zur Verf\u00fcgung, die in zwei \u00b4Hausgemeinschaften\u00b4 betreut werden. Gerade \u00b4verwirrte\u00b4, orientierungslose und vergessliche Bewohner brauchen viel Zuwendung und Aufmerksamkeit im allt\u00e4glichen Umgang.\u00a0Gemeinsam fr\u00fchst\u00fccken, [&hellip;]<\/p>\n","protected":false},"author":1,"featured_media":0,"parent":204,"menu_order":1,"comment_status":"closed","ping_status":"closed","template":"","meta":{"footnotes":""},"class_list":["post-206","page","type-page","status-publish","hentry"],"yoast_head":"<!-- This site is optimized with the Yoast SEO plugin v18.2 - https:\/\/yoast.com\/wordpress\/plugins\/seo\/ -->\n<title>Hausgmeinschaften f\u00fcr Demente | St. Leo-Stift gemeinn\u00fctzige GmbH<\/title>\n<meta name=\"robots\" content=\"index, follow, max-snippet:-1, max-image-preview:large, max-video-preview:-1\" \/>\n<link rel=\"canonical\" href=\"https:\/\/www.leo-stift.de\/pflege\/pflege-und-versorgung\/hausgmeinschaften-fuer-demente\/\" \/>\n<meta property=\"og:locale\" content=\"de_DE\" \/>\n<meta property=\"og:type\" content=\"article\" \/>\n<meta property=\"og:title\" content=\"Hausgmeinschaften f\u00fcr Demente | St. Leo-Stift gemeinn\u00fctzige GmbH\" \/>\n<meta property=\"og:description\" content=\"[vc_row][vc_column][mk_padding_divider size=&#8220;120&#8243;][\/vc_column][\/vc_row][vc_row][vc_column width=&#8220;1\/2&#8243;][mk_fancy_title tag_name=&#8220;h1&#8243; color=&#8220;#454545&#8243; size=&#8220;35&#8243; force_font_size=&#8220;true&#8220; size_phone=&#8220;30&#8243; font_weight=&#8220;300&#8243; txt_transform=&#8220;none&#8220; margin_bottom=&#8220;0&#8243; font_family=&#8220;none&#8220; responsive_align=&#8220;left&#8220;] Hausgmeinschaften f\u00fcr Demente [\/mk_fancy_title][vc_column_text disable_pattern=&#8220;false&#8220; css=&#8220;.vc_custom_1526450173347{margin-bottom: 0px !important;}&#8220;] Speziell f\u00fcr die Versorgung von Bewohnern mit Demenz stehen 16 Pflegepl\u00e4tze zur Verf\u00fcgung, die in zwei \u00b4Hausgemeinschaften\u00b4 betreut werden. Gerade \u00b4verwirrte\u00b4, orientierungslose und vergessliche Bewohner brauchen viel Zuwendung und Aufmerksamkeit im allt\u00e4glichen Umgang.\u00a0Gemeinsam fr\u00fchst\u00fccken, [&hellip;]\" \/>\n<meta property=\"og:url\" content=\"https:\/\/www.leo-stift.de\/pflege\/pflege-und-versorgung\/hausgmeinschaften-fuer-demente\/\" \/>\n<meta property=\"og:site_name\" content=\"St. Leo-Stift gemeinn\u00fctzige GmbH\" \/>\n<meta property=\"article:modified_time\" content=\"2018-05-16T05:58:45+00:00\" \/>\n<meta name=\"twitter:card\" content=\"summary_large_image\" \/>\n<meta name=\"twitter:label1\" content=\"Gesch\u00e4tzte Lesezeit\" \/>\n\t<meta name=\"twitter:data1\" content=\"1\u00a0Minute\" \/>\n<script type=\"application\/ld+json\" class=\"yoast-schema-graph\">{\"@context\":\"https:\/\/schema.org\",\"@graph\":[{\"@type\":\"Organization\",\"@id\":\"https:\/\/www.leo-stift.de\/pflege\/#organization\",\"name\":\"St. Leo-Stift gemeinn\u00fctzige GmbH\",\"url\":\"https:\/\/www.leo-stift.de\/pflege\/\",\"sameAs\":[],\"logo\":{\"@type\":\"ImageObject\",\"@id\":\"https:\/\/www.leo-stift.de\/pflege\/#logo\",\"inLanguage\":\"de\",\"url\":\"https:\/\/www.leo-stift.de\/pflege\/wp-content\/uploads\/2018\/05\/logo.png\",\"contentUrl\":\"https:\/\/www.leo-stift.de\/pflege\/wp-content\/uploads\/2018\/05\/logo.png\",\"width\":1223,\"height\":287,\"caption\":\"St. Leo-Stift gemeinn\u00fctzige GmbH\"},\"image\":{\"@id\":\"https:\/\/www.leo-stift.de\/pflege\/#logo\"}},{\"@type\":\"WebSite\",\"@id\":\"https:\/\/www.leo-stift.de\/pflege\/#website\",\"url\":\"https:\/\/www.leo-stift.de\/pflege\/\",\"name\":\"St. Leo-Stift gemeinn\u00fctzige GmbH\",\"description\":\"Herzlich Willkommen\",\"publisher\":{\"@id\":\"https:\/\/www.leo-stift.de\/pflege\/#organization\"},\"potentialAction\":[{\"@type\":\"SearchAction\",\"target\":{\"@type\":\"EntryPoint\",\"urlTemplate\":\"https:\/\/www.leo-stift.de\/pflege\/?s={search_term_string}\"},\"query-input\":\"required name=search_term_string\"}],\"inLanguage\":\"de\"},{\"@type\":\"WebPage\",\"@id\":\"https:\/\/www.leo-stift.de\/pflege\/pflege-und-versorgung\/hausgmeinschaften-fuer-demente\/#webpage\",\"url\":\"https:\/\/www.leo-stift.de\/pflege\/pflege-und-versorgung\/hausgmeinschaften-fuer-demente\/\",\"name\":\"Hausgmeinschaften f\u00fcr Demente | St. Leo-Stift gemeinn\u00fctzige GmbH\",\"isPartOf\":{\"@id\":\"https:\/\/www.leo-stift.de\/pflege\/#website\"},\"datePublished\":\"2018-05-15T12:48:13+00:00\",\"dateModified\":\"2018-05-16T05:58:45+00:00\",\"breadcrumb\":{\"@id\":\"https:\/\/www.leo-stift.de\/pflege\/pflege-und-versorgung\/hausgmeinschaften-fuer-demente\/#breadcrumb\"},\"inLanguage\":\"de\",\"potentialAction\":[{\"@type\":\"ReadAction\",\"target\":[\"https:\/\/www.leo-stift.de\/pflege\/pflege-und-versorgung\/hausgmeinschaften-fuer-demente\/\"]}]},{\"@type\":\"BreadcrumbList\",\"@id\":\"https:\/\/www.leo-stift.de\/pflege\/pflege-und-versorgung\/hausgmeinschaften-fuer-demente\/#breadcrumb\",\"itemListElement\":[{\"@type\":\"ListItem\",\"position\":1,\"name\":\"Startseite\",\"item\":\"https:\/\/www.leo-stift.de\/pflege\/\"},{\"@type\":\"ListItem\",\"position\":2,\"name\":\"Pflege und Versorgung\",\"item\":\"https:\/\/www.leo-stift.de\/pflege\/pflege-und-versorgung\/\"},{\"@type\":\"ListItem\",\"position\":3,\"name\":\"Hausgmeinschaften f\u00fcr Demente\"}]}]}<\/script>\n<!-- \/ Yoast SEO plugin. -->","yoast_head_json":{"title":"Hausgmeinschaften f\u00fcr Demente | St. Leo-Stift gemeinn\u00fctzige GmbH","robots":{"index":"index","follow":"follow","max-snippet":"max-snippet:-1","max-image-preview":"max-image-preview:large","max-video-preview":"max-video-preview:-1"},"canonical":"https:\/\/www.leo-stift.de\/pflege\/pflege-und-versorgung\/hausgmeinschaften-fuer-demente\/","og_locale":"de_DE","og_type":"article","og_title":"Hausgmeinschaften f\u00fcr Demente | St. Leo-Stift gemeinn\u00fctzige GmbH","og_description":"[vc_row][vc_column][mk_padding_divider size=&#8220;120&#8243;][\/vc_column][\/vc_row][vc_row][vc_column width=&#8220;1\/2&#8243;][mk_fancy_title tag_name=&#8220;h1&#8243; color=&#8220;#454545&#8243; size=&#8220;35&#8243; force_font_size=&#8220;true&#8220; size_phone=&#8220;30&#8243; font_weight=&#8220;300&#8243; txt_transform=&#8220;none&#8220; margin_bottom=&#8220;0&#8243; font_family=&#8220;none&#8220; responsive_align=&#8220;left&#8220;] Hausgmeinschaften f\u00fcr Demente [\/mk_fancy_title][vc_column_text disable_pattern=&#8220;false&#8220; css=&#8220;.vc_custom_1526450173347{margin-bottom: 0px !important;}&#8220;] Speziell f\u00fcr die Versorgung von Bewohnern mit Demenz stehen 16 Pflegepl\u00e4tze zur Verf\u00fcgung, die in zwei \u00b4Hausgemeinschaften\u00b4 betreut werden. Gerade \u00b4verwirrte\u00b4, orientierungslose und vergessliche Bewohner brauchen viel Zuwendung und Aufmerksamkeit im allt\u00e4glichen Umgang.\u00a0Gemeinsam fr\u00fchst\u00fccken, [&hellip;]","og_url":"https:\/\/www.leo-stift.de\/pflege\/pflege-und-versorgung\/hausgmeinschaften-fuer-demente\/","og_site_name":"St. Leo-Stift gemeinn\u00fctzige GmbH","article_modified_time":"2018-05-16T05:58:45+00:00","twitter_card":"summary_large_image","twitter_misc":{"Gesch\u00e4tzte Lesezeit":"1\u00a0Minute"},"schema":{"@context":"https:\/\/schema.org","@graph":[{"@type":"Organization","@id":"https:\/\/www.leo-stift.de\/pflege\/#organization","name":"St. Leo-Stift gemeinn\u00fctzige GmbH","url":"https:\/\/www.leo-stift.de\/pflege\/","sameAs":[],"logo":{"@type":"ImageObject","@id":"https:\/\/www.leo-stift.de\/pflege\/#logo","inLanguage":"de","url":"https:\/\/www.leo-stift.de\/pflege\/wp-content\/uploads\/2018\/05\/logo.png","contentUrl":"https:\/\/www.leo-stift.de\/pflege\/wp-content\/uploads\/2018\/05\/logo.png","width":1223,"height":287,"caption":"St. Leo-Stift gemeinn\u00fctzige GmbH"},"image":{"@id":"https:\/\/www.leo-stift.de\/pflege\/#logo"}},{"@type":"WebSite","@id":"https:\/\/www.leo-stift.de\/pflege\/#website","url":"https:\/\/www.leo-stift.de\/pflege\/","name":"St. Leo-Stift gemeinn\u00fctzige GmbH","description":"Herzlich Willkommen","publisher":{"@id":"https:\/\/www.leo-stift.de\/pflege\/#organization"},"potentialAction":[{"@type":"SearchAction","target":{"@type":"EntryPoint","urlTemplate":"https:\/\/www.leo-stift.de\/pflege\/?s={search_term_string}"},"query-input":"required name=search_term_string"}],"inLanguage":"de"},{"@type":"WebPage","@id":"https:\/\/www.leo-stift.de\/pflege\/pflege-und-versorgung\/hausgmeinschaften-fuer-demente\/#webpage","url":"https:\/\/www.leo-stift.de\/pflege\/pflege-und-versorgung\/hausgmeinschaften-fuer-demente\/","name":"Hausgmeinschaften f\u00fcr Demente | St. Leo-Stift gemeinn\u00fctzige GmbH","isPartOf":{"@id":"https:\/\/www.leo-stift.de\/pflege\/#website"},"datePublished":"2018-05-15T12:48:13+00:00","dateModified":"2018-05-16T05:58:45+00:00","breadcrumb":{"@id":"https:\/\/www.leo-stift.de\/pflege\/pflege-und-versorgung\/hausgmeinschaften-fuer-demente\/#breadcrumb"},"inLanguage":"de","potentialAction":[{"@type":"ReadAction","target":["https:\/\/www.leo-stift.de\/pflege\/pflege-und-versorgung\/hausgmeinschaften-fuer-demente\/"]}]},{"@type":"BreadcrumbList","@id":"https:\/\/www.leo-stift.de\/pflege\/pflege-und-versorgung\/hausgmeinschaften-fuer-demente\/#breadcrumb","itemListElement":[{"@type":"ListItem","position":1,"name":"Startseite","item":"https:\/\/www.leo-stift.de\/pflege\/"},{"@type":"ListItem","position":2,"name":"Pflege und Versorgung","item":"https:\/\/www.leo-stift.de\/pflege\/pflege-und-versorgung\/"},{"@type":"ListItem","position":3,"name":"Hausgmeinschaften f\u00fcr Demente"}]}]}},"_links":{"self":[{"href":"https:\/\/www.leo-stift.de\/pflege\/wp-json\/wp\/v2\/pages\/206","targetHints":{"allow":["GET"]}}],"collection":[{"href":"https:\/\/www.leo-stift.de\/pflege\/wp-json\/wp\/v2\/pages"}],"about":[{"href":"https:\/\/www.leo-stift.de\/pflege\/wp-json\/wp\/v2\/types\/page"}],"author":[{"embeddable":true,"href":"https:\/\/www.leo-stift.de\/pflege\/wp-json\/wp\/v2\/users\/1"}],"replies":[{"embeddable":true,"href":"https:\/\/www.leo-stift.de\/pflege\/wp-json\/wp\/v2\/comments?post=206"}],"version-history":[{"count":6,"href":"https:\/\/www.leo-stift.de\/pflege\/wp-json\/wp\/v2\/pages\/206\/revisions"}],"predecessor-version":[{"id":367,"href":"https:\/\/www.leo-stift.de\/pflege\/wp-json\/wp\/v2\/pages\/206\/revisions\/367"}],"up":[{"embeddable":true,"href":"https:\/\/www.leo-stift.de\/pflege\/wp-json\/wp\/v2\/pages\/204"}],"wp:attachment":[{"href":"https:\/\/www.leo-stift.de\/pflege\/wp-json\/wp\/v2\/media?parent=206"}],"curies":[{"name":"wp","href":"https:\/\/api.w.org\/{rel}","templated":true}]}}