{"id":229,"date":"2019-11-19T06:02:39","date_gmt":"2019-11-19T06:02:39","guid":{"rendered":"https:\/\/www.leo-stift.de\/fachbereich-leo-stift\/index.php\/einrichtung\/was-ist-eingliederungshilfe\/"},"modified":"2020-12-15T13:55:41","modified_gmt":"2020-12-15T12:55:41","slug":"was-ist-eingliederungshilfe","status":"publish","type":"page","link":"https:\/\/www.leo-stift.de\/fachbereich-leo-stift\/index.php\/einrichtung\/was-ist-eingliederungshilfe\/","title":{"rendered":"Was ist Eingliederungshilfe?"},"content":{"rendered":"\t\t<div data-elementor-type=\"wp-page\" data-elementor-id=\"229\" class=\"elementor elementor-229\" data-elementor-settings=\"[]\">\n\t\t\t\t\t\t<div class=\"elementor-inner\">\n\t\t\t\t\t\t\t<div class=\"elementor-section-wrap\">\n\t\t\t\t\t\t\t<section class=\"elementor-section elementor-top-section elementor-element elementor-element-18f9668c elementor-section-boxed elementor-section-height-default elementor-section-height-default\" data-id=\"18f9668c\" data-element_type=\"section\">\n\t\t\t\t\t\t<div class=\"elementor-container elementor-column-gap-default\">\n\t\t\t\t\t\t\t<div class=\"elementor-row\">\n\t\t\t\t\t<div class=\"elementor-column elementor-col-50 elementor-top-column elementor-element elementor-element-2fe2abda\" data-id=\"2fe2abda\" data-element_type=\"column\">\n\t\t\t<div class=\"elementor-column-wrap elementor-element-populated\">\n\t\t\t\t\t\t\t<div class=\"elementor-widget-wrap\">\n\t\t\t\t\t\t<div class=\"elementor-element elementor-element-6c072780 elementor-widget elementor-widget-heading\" data-id=\"6c072780\" data-element_type=\"widget\" data-widget_type=\"heading.default\">\n\t\t\t\t<div class=\"elementor-widget-container\">\n\t\t\t<h2 class=\"elementor-heading-title elementor-size-default\">Was ist Eingliederungshilfe?\n<\/h2>\t\t<\/div>\n\t\t\t\t<\/div>\n\t\t\t\t<div class=\"elementor-element elementor-element-6fc09da5 elementor-widget elementor-widget-text-editor\" data-id=\"6fc09da5\" data-element_type=\"widget\" data-widget_type=\"text-editor.default\">\n\t\t\t\t<div class=\"elementor-widget-container\">\n\t\t\t\t\t<div class=\"elementor-text-editor elementor-clearfix\"><p><span><span>Leistungen der Eingliederungshilfe erhalten Menschen, die aufgrund ihrer Behinderung wesentlich in ihrer F\u00e4higkeit eingeschr\u00e4nkt sind, an der Gesellschaft teilzuhaben (wesentliche Behinderung) oder die von einer solchen wesentlichen Behinderung bedroht sind. <\/span><\/span><br><br><span><span><span><span>Die Eingliederungshilfe ist eine Sozialleistung, die seit 2020 in Deutschland im SGB IX geregelt ist. Sie soll Menschen mit einer Behinderung oder von Behinderung bedrohten Menschen helfen, die Folgen ihrer Behinderung zu mildern und sich in die Gesellschaft einzugliedern (\u00a7 90 SGB IX). <br><\/span><\/span><\/span><\/span><\/p>\n<p>\nDas SGB IX stellt den behinderten Menschen in den Mittelpunkt. Es setzt im Sozialrecht das Benachteiligungsverbot des Artikels 3 Absatz 3 Satz 2 des Grundgesetzes &#8211; Niemand darf wegen seiner Behinderung benachteiligt werden &#8211; um.<\/p>\n<p>\nMenschen mit Behinderung erhalten zus\u00e4tzlich zu den allgemeinen Sozialleistungen besondere Leistungen, um Benachteiligungen im Arbeitsleben und bei der Teilhabe am Leben in der Gesellschaft m\u00f6glichst gar nicht erst entstehen zu lassen, sie jedenfalls so schnell wie m\u00f6glich zu \u00fcberwinden oder zumindest abzubauen. Deshalb werden alle Tr\u00e4ger verpflichtet, die Leistungen zur Teilhabe nahtlos, z\u00fcgig sowie nach Gegenstand, Umfang und Ausf\u00fchrung einheitlich zu erbringen, den<br>\nEinzelfall zu ber\u00fccksichtigen und sich gegenseitig abzustimmen. <br><\/p>\n<p>\nAu\u00dferdem sind die Leistungen nun individuell. Menschen mit Behinderung sind m\u00fcndige und kompetente Partner. Ihre Interessen und W\u00fcnsche sind seither ein ganz zentraler Aspekt des Rehabilitationsprozesses. Sie sind nicht mehr Objekt des Rehabilitationsprozesses, sondern nehmen ihre Rolle als Subjekt selbstbestimmt wahr. Verst\u00e4rkt wird dies dadurch, dass die Rehabilitationstr\u00e4ger durch Bescheid begr\u00fcnden m\u00fcssen, weshalb den W\u00fcnschen im Einzelfall nicht entsprochen wurde.<\/p>\n<p>\nSchlie\u00dflich geht es bei den Leistungen gerecht zu. So gibt es spezielle F\u00f6rderungen f\u00fcr Frauen und Kinder, damit sie durch ihre Behinderung und ihr Geschlecht oder Alter nicht doppelt benachteiligt sind. <br><br>Der Umgang mit behinderten Menschen zielt auf selbstbestimmte Teilhabe \nam Leben in unserer Gesellschaft und insbesondere am Arbeitsleben. \nTeilhabe setzt auch Teilnahme voraus &#8211; bei Entscheidungsprozessen \u00fcber \nLeistungen und gleicherma\u00dfen bei der Auswahl und Ausf\u00fchrung von \nLeistungen. \u00a7 8 des SGB IX spricht hier vom &#8222;Wunsch- und Wahlrecht&#8220;. \nBer\u00fccksichtigt werden insbesondere die pers\u00f6nliche Lebenssituation, das \nAlter und das Geschlecht, die Familie, die religi\u00f6sen und \nweltanschaulichen Bed\u00fcrfnisse sowie die besonderen Bed\u00fcrfnisse \nbehinderter M\u00fctter und V\u00e4ter bei der Erf\u00fcllung ihres Erziehungsauftrags \nsowie die besonderen Bed\u00fcrfnisse behinderter Kinder.<br><br><br><\/p>\n<p><span><span><span><span><\/span><\/span><\/span><\/span><\/p><\/div>\n\t\t\t\t<\/div>\n\t\t\t\t<\/div>\n\t\t\t\t<div class=\"elementor-element elementor-element-c5afc6d elementor-widget elementor-widget-image\" data-id=\"c5afc6d\" data-element_type=\"widget\" data-widget_type=\"image.default\">\n\t\t\t\t<div class=\"elementor-widget-container\">\n\t\t\t\t\t<div class=\"elementor-image\">\n\t\t\t\t\t\t\t\t\t\t<img loading=\"lazy\" decoding=\"async\" width=\"307\" height=\"180\" src=\"https:\/\/www.leo-stift.de\/fachbereich-leo-stift\/wp-content\/uploads\/2020\/12\/sgb.jpg\" class=\"attachment-large size-large\" alt=\"\" srcset=\"https:\/\/www.leo-stift.de\/fachbereich-leo-stift\/wp-content\/uploads\/2020\/12\/sgb.jpg 307w, https:\/\/www.leo-stift.de\/fachbereich-leo-stift\/wp-content\/uploads\/2020\/12\/sgb-300x176.jpg 300w\" sizes=\"auto, (max-width: 307px) 100vw, 307px\" \/>\t\t\t\t\t\t\t\t\t\t\t<\/div>\n\t\t\t\t<\/div>\n\t\t\t\t<\/div>\n\t\t\t\t\t\t<\/div>\n\t\t\t\t\t<\/div>\n\t\t<\/div>\n\t\t\t\t<div class=\"elementor-column elementor-col-50 elementor-top-column elementor-element elementor-element-1fa44d9\" data-id=\"1fa44d9\" data-element_type=\"column\">\n\t\t\t<div class=\"elementor-column-wrap\">\n\t\t\t\t\t\t\t<div class=\"elementor-widget-wrap\">\n\t\t\t\t\t\t\t\t<\/div>\n\t\t\t\t\t<\/div>\n\t\t<\/div>\n\t\t\t\t\t\t\t\t<\/div>\n\t\t\t\t\t<\/div>\n\t\t<\/section>\n\t\t\t\t\t\t<\/div>\n\t\t\t\t\t\t<\/div>\n\t\t\t\t\t<\/div>\n\t\t","protected":false},"excerpt":{"rendered":"<p>Was ist Eingliederungshilfe? Leistungen der Eingliederungshilfe erhalten Menschen, die aufgrund ihrer Behinderung wesentlich in ihrer F\u00e4higkeit eingeschr\u00e4nkt sind, an der Gesellschaft teilzuhaben (wesentliche Behinderung) oder die von einer solchen wesentlichen Behinderung bedroht sind. Die Eingliederungshilfe ist eine Sozialleistung, die seit 2020 in Deutschland im SGB IX geregelt ist. Sie soll Menschen mit einer Behinderung oder [&hellip;]<\/p>\n","protected":false},"author":1,"featured_media":0,"parent":15,"menu_order":3,"comment_status":"closed","ping_status":"closed","template":"","meta":{"ocean_post_layout":"full-width","ocean_both_sidebars_style":"","ocean_both_sidebars_content_width":0,"ocean_both_sidebars_sidebars_width":0,"ocean_sidebar":"0","ocean_second_sidebar":"0","ocean_disable_margins":"enable","ocean_add_body_class":"","ocean_shortcode_before_top_bar":"","ocean_shortcode_after_top_bar":"","ocean_shortcode_before_header":"","ocean_shortcode_after_header":"","ocean_has_shortcode":"","ocean_shortcode_after_title":"","ocean_shortcode_before_footer_widgets":"","ocean_shortcode_after_footer_widgets":"","ocean_shortcode_before_footer_bottom":"","ocean_shortcode_after_footer_bottom":"","ocean_display_top_bar":"off","ocean_display_header":"default","ocean_header_style":"","ocean_center_header_left_menu":"0","ocean_custom_header_template":"0","ocean_custom_logo":0,"ocean_custom_retina_logo":0,"ocean_custom_logo_max_width":0,"ocean_custom_logo_tablet_max_width":0,"ocean_custom_logo_mobile_max_width":0,"ocean_custom_logo_max_height":0,"ocean_custom_logo_tablet_max_height":0,"ocean_custom_logo_mobile_max_height":0,"ocean_header_custom_menu":"0","ocean_menu_typo_font_family":"0","ocean_menu_typo_font_subset":"","ocean_menu_typo_font_size":0,"ocean_menu_typo_font_size_tablet":0,"ocean_menu_typo_font_size_mobile":0,"ocean_menu_typo_font_size_unit":"px","ocean_menu_typo_font_weight":"","ocean_menu_typo_font_weight_tablet":"","ocean_menu_typo_font_weight_mobile":"","ocean_menu_typo_transform":"","ocean_menu_typo_transform_tablet":"","ocean_menu_typo_transform_mobile":"","ocean_menu_typo_line_height":0,"ocean_menu_typo_line_height_tablet":0,"ocean_menu_typo_line_height_mobile":0,"ocean_menu_typo_line_height_unit":"","ocean_menu_typo_spacing":0,"ocean_menu_typo_spacing_tablet":0,"ocean_menu_typo_spacing_mobile":0,"ocean_menu_typo_spacing_unit":"","ocean_menu_link_color":"","ocean_menu_link_color_hover":"","ocean_menu_link_color_active":"","ocean_menu_link_background":"","ocean_menu_link_hover_background":"","ocean_menu_link_active_background":"","ocean_menu_social_links_bg":"","ocean_menu_social_hover_links_bg":"","ocean_menu_social_links_color":"","ocean_menu_social_hover_links_color":"","ocean_disable_title":"on","ocean_disable_heading":"default","ocean_post_title":"","ocean_post_subheading":"","ocean_post_title_style":"","ocean_post_title_background_color":"","ocean_post_title_background":0,"ocean_post_title_bg_image_position":"","ocean_post_title_bg_image_attachment":"","ocean_post_title_bg_image_repeat":"","ocean_post_title_bg_image_size":"","ocean_post_title_height":0,"ocean_post_title_bg_overlay":0.5,"ocean_post_title_bg_overlay_color":"","ocean_disable_breadcrumbs":"default","ocean_breadcrumbs_color":"","ocean_breadcrumbs_separator_color":"","ocean_breadcrumbs_links_color":"","ocean_breadcrumbs_links_hover_color":"","ocean_display_footer_widgets":"default","ocean_display_footer_bottom":"default","ocean_custom_footer_template":"0","footnotes":""},"yst_prominent_words":[],"class_list":["post-229","page","type-page","status-publish","hentry","entry"],"_links":{"self":[{"href":"https:\/\/www.leo-stift.de\/fachbereich-leo-stift\/index.php\/wp-json\/wp\/v2\/pages\/229","targetHints":{"allow":["GET"]}}],"collection":[{"href":"https:\/\/www.leo-stift.de\/fachbereich-leo-stift\/index.php\/wp-json\/wp\/v2\/pages"}],"about":[{"href":"https:\/\/www.leo-stift.de\/fachbereich-leo-stift\/index.php\/wp-json\/wp\/v2\/types\/page"}],"author":[{"embeddable":true,"href":"https:\/\/www.leo-stift.de\/fachbereich-leo-stift\/index.php\/wp-json\/wp\/v2\/users\/1"}],"replies":[{"embeddable":true,"href":"https:\/\/www.leo-stift.de\/fachbereich-leo-stift\/index.php\/wp-json\/wp\/v2\/comments?post=229"}],"version-history":[{"count":7,"href":"https:\/\/www.leo-stift.de\/fachbereich-leo-stift\/index.php\/wp-json\/wp\/v2\/pages\/229\/revisions"}],"predecessor-version":[{"id":1126,"href":"https:\/\/www.leo-stift.de\/fachbereich-leo-stift\/index.php\/wp-json\/wp\/v2\/pages\/229\/revisions\/1126"}],"up":[{"embeddable":true,"href":"https:\/\/www.leo-stift.de\/fachbereich-leo-stift\/index.php\/wp-json\/wp\/v2\/pages\/15"}],"wp:attachment":[{"href":"https:\/\/www.leo-stift.de\/fachbereich-leo-stift\/index.php\/wp-json\/wp\/v2\/media?parent=229"}],"wp:term":[{"taxonomy":"yst_prominent_words","embeddable":true,"href":"https:\/\/www.leo-stift.de\/fachbereich-leo-stift\/index.php\/wp-json\/wp\/v2\/yst_prominent_words?post=229"}],"curies":[{"name":"wp","href":"https:\/\/api.w.org\/{rel}","templated":true}]}}